25
Let y(f) = 111*f - 329. Let o be y(3). What is the greatest common factor of 8 and o?
4
Let a be 7070/(-12) - 116/(-696). Let f = a - -621. Calculate the highest common divisor of 4 and f.
4
Suppose 0 = -5*s + 24*g + 364, 5*s + 22*g - 23*g - 226 = 0. What is the highest common factor of 64 and s?
4
Let x(f) = f**3 + 34*f**2 + 243*f + 21. Let v be x(-21). Calculate the highest common divisor of 42 and v.
21
Let q = -117 - -149. Suppose -q*n = -23*n - 1242. Calculate the highest common factor of n and 92.
46
Suppose -21*q + 166 = -20*q - 4*m, 0 = q + 5*m - 238. Suppose -8 = 2*x, 4*h - 2*x - 30 = 3*h. What is the highest common factor of h and q?
22
Suppose 0 = 442*f - 39330 - 2660. What is the highest common divisor of 608 and f?
19
Let q(r) = -6*r + 70. Let j be q(11). Suppose -12 = 4*h, 4*n - j*h = 14 + 2. Let x be 1 - 0*2/4. Calculate the highest common divisor of n and x.
1
Suppose 6*k - 12 - 6 = 0. Suppose 4*n - 2 = k*q + 33, q - 20 = -5*n. Calculate the greatest common factor of 185 and n.
5
Suppose 15*u + 176*u = 1146. Suppose -5*b + 141 = -99. Calculate the greatest common divisor of b and u.
6
Suppose -f = -252 + 60. Let w = 193 - f. What is the greatest common divisor of 33 and w?
1
Let o(b) be the second derivative of 1/20*b**5 - 13/6*b**3 - 4/3*b**4 + 0 + 15*b - 6*b**2. Let m be o(17). What is the greatest common factor of m and 7?
7
Let i(u) = -78 - 9*u**2 + 8*u - 76 + u**3 + 157. Let d be i(8). What is the greatest common divisor of 93 and d?
3
Let d = 45 + -41. Suppose -d*p - 7*p = -1155. Suppose 2*u = -6, 2*k - 111 = 2*u - 7*u. What is the greatest common factor of k and p?
21
Let l(f) = -f**3 - 11*f**2 - 8*f + 24. Let i be l(-10). Let h be 4144/18 - i/18. What is the highest common divisor of h and 20?
10
Let p be (-2)/(44/(-279982)) - (-3 + (-81)/(-33)). Calculate the highest common divisor of 572 and p.
143
Suppose -3133 - 323 = -144*f. Calculate the highest common divisor of 544 and f.
8
Let r be 27/24*(-198)/(-27)*320/15. Calculate the greatest common divisor of r and 368.
16
Let i be ((-7)/((-7)/25))/(8/16). Calculate the highest common factor of i and 410.
10
Suppose -21*k + 7132 - 2239 = 0. Calculate the greatest common divisor of 17 and k.
1
Suppose 14*p = 10*p + 12. Suppose 4*b - 2*g = p*b + 15, 0 = 5*b - 2*g - 51. Suppose 206*l - 198*l = 504. What is the greatest common divisor of b and l?
9
Let d = -61 + 64. Suppose 5*j = -8 + 33. Suppose d*o - 5*i = 74, -5*i = j*o - 10*i - 130. What is the highest common divisor of 42 and o?
14
Let x be -2*(-6 + 2) + -373. Let g be (-2)/(-10)*-2 + (-12556)/x. What is the greatest common factor of 187 and g?
17
Suppose -37*k + 15990 = 86*k. Calculate the greatest common divisor of k and 78.
26
Let s = 134 + -138. Let j(x) = -8*x - 24. Let d(r) = 9*r + 25. Let y(m) = s*d(m) - 5*j(m). Let k be y(-3). What is the greatest common divisor of 8 and k?
8
Suppose l - 9 = -3*v, -4*v + 0*v = -2*l - 22. Let f be l - 52/(-20) - 582/(-5). Suppose f = 2*h - 94. What is the greatest common divisor of 15 and h?
15
Let x = 42411 - 42363. What is the highest common divisor of x and 49152?
48
Suppose 5*o - 238 = -228. Suppose 3*b - 3*i - 18 = -0*b, -5*i - 21 = -o*b. Let r be (b/2)/((-33)/(-748)). Calculate the highest common factor of 136 and r.
34
Let m be 2/((-56)/(-78650)) - (-44)/616. Calculate the greatest common divisor of 53 and m.
53
Let a = -22 + 189. Let k = a + 3. Calculate the greatest common divisor of 10 and k.
10
Suppose -3*n = u - 114, 2*n - 10 = -3*n. Suppose -3*g = -6*p + 2*p + 249, 2*p + 4*g = u. Calculate the highest common factor of p and 144.
12
Let b = -75 + 78. Suppose 0 = -0*h - 4*h - b*l + 294, 5*h + l = 362. Let v = -60 + h. Calculate the greatest common factor of 156 and v.
12
Let p = -1248 - -1360. Let n(r) = 6*r - 4. Let u be n(6). Calculate the highest common divisor of u and p.
16
Suppose h + 3*s = -3*h + 3671, -3*s + 911 = h. Calculate the greatest common factor of h and 1240.
40
Suppose -2*y - y = 2*y. Let k be (1 + 0 - y)/((-24)/216). Let t(q) = -14*q - 11. Let o be t(k). What is the highest common factor of o and 23?
23
Let d be (11 - (-96)/30)*5. Suppose -7*t + 902 = -1583. What is the highest common factor of d and t?
71
Let j(m) = -3*m**3 - 383*m**2 + 114*m - 41. Let z be j(-128). Calculate the highest common divisor of z and 927.
103
Let k(j) = -j**3 + 10*j**2 + 6*j + 16. Suppose 3*v = -4*t + 26, 4*v = t + 1 - 17. Let n be k(t). Calculate the highest common factor of 12 and n.
12
Suppose -2*p + 3*u + 18 = 0, 0 = 2*p - u - 6 - 8. Suppose -16044 = -109*l - 655*l. What is the greatest common factor of p and l?
3
Let z be 9 + -10 + 73/1. Suppose 4*r + o = 97, 0 = -2*r + 4*o + 22 + 40. Suppose 73 = d + r. What is the greatest common factor of d and z?
24
Let f = -278 - -287. Let u be (f - 174/(-6)) + -2 + 5. Calculate the greatest common divisor of u and 697.
41
Suppose -10*n + 5*n = 10, 5*n - 90 = -5*z. Suppose -2*g + 135 = 4*h + 3*g, 0 = 3*h + 5*g - 95. What is the greatest common divisor of z and h?
20
Let k(v) = 54*v - 284. Let z(y) = -270*y + 1416. Let g(q) = 16*k(q) + 3*z(q). Let b be g(16). What is the highest common divisor of 71 and b?
71
Suppose 29*q + 40 = 31*q. Suppose 4*f - 38 = 3*g - f, 0 = 5*g + 2*f + 22. Let l = 31 + g. What is the greatest common divisor of q and l?
5
Suppose -7*f = -4*f + 6. Let r = 8 + f. Let n = r - 3. What is the greatest common divisor of 6 and n?
3
Suppose 0 = 27*l - 18*l - 36. Suppose -3*d - 4*n + 268 = 0, -138 = 4*d + l*n - 502. What is the greatest common divisor of 160 and d?
32
Let i = 575 - 397. Let a = i + -162. Suppose 0 = -0*s - s + 2. Calculate the highest common factor of a and s.
2
Suppose 0 = -7*i - 197 + 99. Let g be 108/i*21*5/(-15). What is the greatest common factor of 513 and g?
27
Suppose 4*a - 629 = k, 3*k = 2*a + 71 - 398. Calculate the greatest common divisor of 20228 and a.
52
Suppose -18 = -l - l. Let d = -215 - -217. Suppose 0*v + 29 = 3*n + d*v, -n + 6 = -3*v. What is the greatest common divisor of l and n?
9
Let o = 13936 + -13771. What is the greatest common factor of 21945 and o?
165
Let h(j) = 20*j - 145. Let f(v) = -v**3 - 7*v**2 - 12*v - 25. Let c be f(-6). Let a be h(c). Calculate the greatest common divisor of 375 and a.
75
Let o(u) = u**3 + 9*u**2 + 19*u + 12. Let q be o(-5). Let b be (17255/(-10))/q*-2. What is the greatest common divisor of b and 145?
29
Suppose -96*t = -9616 - 98960. Calculate the highest common factor of 104 and t.
13
Suppose -w + 265 = 3*g, -530 = -4*w + 2*w - g. Suppose 0 = -5*n - 718 + 983. What is the highest common divisor of w and n?
53
Suppose 3*s - 6*s + 45 = 0. Let x = -17262 + 17397. What is the highest common divisor of s and x?
15
Suppose 3*l - 8774 = 2*a, -l + 2*a + 2286 = -640. What is the greatest common divisor of 204 and l?
68
Let i(p) = 5*p + 17. Let z be i(-3). Let v be z - (-1 + -6) - 0. Calculate the highest common divisor of v and 24.
3
Let f = -7 + 10. Suppose -v - 2 = -f*v. Let r be -4 + 504/108 - -10*10/12. Calculate the highest common factor of v and r.
1
Suppose 107*a - 81 = 24*a + 1330. Calculate the highest common factor of a and 2890.
17
Suppose 3*n + 0*n = 2*l + 10, 0 = -3*n + 4*l + 2. Suppose 59 = n*v - 25. Let w be 43 - (1 + (2 - 2)). What is the highest common factor of v and w?
14
Let o be 4850 + (16 + 104)/(-10). Calculate the greatest common factor of 708 and o.
118
Suppose 2*i + o + 386 = 6*o, -5*o = i + 223. Let t be (-218)/(-14) + 116/i. Calculate the highest common factor of 21 and t.
3
Suppose -4*c + 128 + 232 = 0. Let i be (c/24 - 5)/((-1)/4). Suppose -n = -i*n + 48. What is the highest common divisor of n and 30?
6
Suppose 3522*o = 3639*o - 128232. What is the greatest common factor of 2877 and o?
137
Let k = -8587 + 9046. What is the highest common factor of k and 323?
17
Let i = -13496 + 27531. Calculate the highest common factor of i and 7.
7
Let a = -224 - -224. Suppose a = 2*i - 349 + 263. Calculate the greatest common divisor of 172 and i.
43
Let u = -85 - -106. Let t be 1*(0 - 44) + -20 + u. Let d = 99 + t. Calculate the greatest common divisor of 7 and d.
7
Let y = -31 + 30. Suppose -3*g + 4*t = -31, 3 + 32 = 3*g - 5*t. Let c be (9/(-5))/(y/g). What is the highest common divisor of 27 and c?
9
Let t be (64/(-3) - 21